e 9/(-7) - 4/(-14). Let w be (-3)/2*(-35 + p). Let n = 9463 - 9457. What is the greatest common factor of w and n?
6
Suppose -5*z + 23 = s, -6*z = 5*s - 4*z - 23. Calculate the highest common factor of s and 12.
3
Let i be (6/(-8))/(2/(-56)). Let p be (15/10)/((-9)/(-1686)). Let y = p + -176. What is the highest common factor of y and i?
21
Suppose -3*n + 13*v = 8*v - 116, 0 = -n - 4*v + 50. Calculate the highest common factor of 987 and n.
21
Suppose 16*q = 183 + 505. Calculate the highest common divisor of 731 and q.
43
Let y(g) = 5*g + 16. Let f be y(5). Let o = -20 + f. What is the highest common factor of o and 49?
7
Suppose 18*t + 24 = 22*t. Let p be (t - 54)/((-6)/4). What is the greatest common factor of 4 and p?
4
Suppose -8 + 36 = 4*n. Let w be -2*(70/(-4))/n. Calculate the highest common divisor of w and 1.
1
Suppose -189*z = -185*z - 928. What is the highest common divisor of 8 and z?
8
Let f(a) = a - 1. Let c(m) = m**2 - m + 1. Let h be c(-2). Let y be f(h). Let k = 47 - 17. What is the greatest common divisor of y and k?
6
Let b be 96*-2*1/(-4). Suppose -4*o + b = 3*l, 3*o = o - 4*l + 34. What is the greatest common divisor of o and 63?
9
Let x(h) = 2*h**2 - 4*h - 72. Let z be x(8). Calculate the greatest common divisor of 84 and z.
12
Let j(h) = 2*h**2 - 56*h - 48. Let l be j(29). Calculate the greatest common divisor of 205 and l.
5
Suppose -28*o + 16*o + 2484 = 0. What is the highest common factor of 69 and o?
69
Suppose -2*b - 3*b - 122 = -2*w, -4*b + 104 = 2*w. Let d(z) = 15*z + 8. Let h be d(2). Let v = w - h. What is the greatest common divisor of v and 54?
18
Let y be -2 + 348/(1 + 3). Let j = 35 - 18. What is the greatest common divisor of j and y?
17
Suppose 10*r = -y + 8498, 4*r - 2*y - 4254 = -r. What is the greatest common divisor of 255 and r?
85
Let n be (-1 + 1)/(-8 - -9). Suppose -4*o + 2*x - 14 = -8*o, -4*x + 12 = n. Let v be ((-2)/(-3))/(16/72). What is the highest common factor of v and o?
1
Let t = 64 - 37. Let s = 14 - t. Let a be 4/(-5)*(3 + s). What is the greatest common factor of a and 2?
2
Let v be (11 + 2 - -2) + -7. Calculate the greatest common factor of 944 and v.
8
Suppose 2*y - 3174 = 4*z, -y - 48 + 1640 = -3*z. Calculate the greatest common divisor of y and 83.
83
Let u = 80 - 48. Let d = 20 + -7. Let q = u + d. What is the highest common factor of 15 and q?
15
Let k = -546 + 576. Suppose -4*b + 180 = 20. Calculate the greatest common divisor of b and k.
10
Suppose 72*i - 390 = 690. Calculate the highest common factor of i and 1215.
15
Let p(d) = d**3 + 4*d**2 + 3*d + 16. Let v be p(-4). Suppose -5*s = -2*s - 4*m - 318, -m - 437 = -v*s. Calculate the highest common divisor of s and 22.
22
Let m(w) = 27*w + w**2 - 2 - 25*w - 2. Let p be m(-5). Calculate the greatest common divisor of 11 and p.
11
Let q = -21 + 97. Suppose -q - 32 = -3*g. Calculate the highest common divisor of g and 18.
18
Let z(k) = 5*k**3 + 97*k**2 + 37*k + 5. Let w be z(-19). Calculate the greatest common divisor of w and 376.
8
Let s be 1/(-3) - 1024/(-12). Let h(b) = 5*b**3 + 16*b - 16. Let m be h(1). Calculate the highest common factor of s and m.
5
Suppose -3*c = -2*o - 38, 4*c + c - 2*o = 58. Let b be (-1)/6 + 235/(-30). Let q = b + 23. Calculate the greatest common factor of q and c.
5
Let t(p) = -4*p - 4. Let b be t(-6). Let i(k) = 33*k**2 + 42*k + 4. Let y be i(2). Calculate the greatest common divisor of b and y.
20
Let o be (18/(-12))/(30/16)*-10. What is the highest common divisor of o and 184?
8
Let n(k) = -2*k**3 - 4*k**2 - 5*k - 19. Let f be n(-4). What is the greatest common factor of 52 and f?
13
Let u = 848 - 844. Calculate the greatest common divisor of 17 and u.
1
Let q be ((-460)/(-138))/(2/3). What is the highest common divisor of 5 and q?
5
Suppose -2 = -a, -4*a + 7*a = 2*c - 48. What is the highest common divisor of 1593 and c?
27
Suppose -38 = -4*o + 3*m + 8, -5*o + 44 = 3*m. Suppose -l - 150 = -4*l. What is the highest common factor of o and l?
10
Let w be 584/40 - (-72)/(-45). Suppose 19*f - 17*f - 104 = 0. What is the greatest common divisor of f and w?
13
Let k be ((-72)/54)/(-8 + (-574)/(-72)). Let l(o) = -o + 7. Let c be l(-5). What is the highest common factor of c and k?
12
Let n = -634 - -655. Let h = 28 - 14. Calculate the highest common factor of h and n.
7
Let o(j) be the first derivative of 15*j**2/2 - 20*j + 10. Let t be o(5). Calculate the greatest common factor of t and 11.
11
Suppose 82*t - 195 = 69*t. Let h be (-4 - 2)/(6/(-4)). Suppose 0 = 2*u + h - 34. What is the greatest common factor of t and u?
15
Suppose -4*b - 422 = -2*g - 5*b, -b = -5*g + 1048. Calculate the greatest common factor of g and 945.
105
Suppose 5*q - 191 = 79. Let y(n) = -10 + 3*n - 10 + 8 + 0*n. Let v be y(6). What is the greatest common divisor of v and q?
6
Let s(f) = 2*f**3 - 5*f**2 + f + 2. Let j be s(2). Suppose 4*u = -4*a - j*u + 80, a = 3*u + 20. Calculate the highest common divisor of a and 50.
10
Let w = -838 + 858. Calculate the highest common divisor of w and 48.
4
Let b(s) = -52*s**2 - 5*s + 2. Let t be b(-6). Let n be t*5/((-10)/7). Let x be n/52 - (-6)/39. Calculate the greatest common divisor of 31 and x.
31
Let w be (134/5)/(1067/355 + -3). What is the greatest common factor of w and 71?
71
Let x be ((-122)/(-5) - -6) + (-2)/5. Suppose -5*h + x = -35. Let o = -13 + 26. Calculate the greatest common factor of h and o.
13
Suppose 5*n = -0*n - s + 327, 4*n - 3*s = 254. Let a = 71 - n. What is the highest common divisor of a and 30?
6
Suppose -54*l = -65*l + 605. What is the greatest common factor of 99 and l?
11
Suppose 0 = 3*t - 7*t - 448. Let g = t + 140. Calculate the greatest common divisor of 14 and g.
14
Let i be 1/(6/26)*(-21 + 24). Calculate the highest common factor of 793 and i.
13
Let a(t) = t**3 - 5*t**2 + 6*t - 1. Let s be a(4). Let v = -5 + s. Suppose -v*k = 2*h - 14, 5*k + h - 29 = 18. What is the highest common divisor of 90 and k?
10
Let z = 8 - 5. Suppose 3*i - 4 = -7. Let a = z + i. What is the greatest common divisor of a and 10?
2
Let i(y) = 5*y**2 + 5*y**2 - 15*y**2 + 8*y**2 + 7 + 2*y. Let l be i(-3). Suppose 12 + 2 = w. Calculate the highest common factor of l and w.
14
Let c be (-105)/(-6)*48/14. Let x be (-1 + 28/20)*c. Suppose 2*s = 4*s - x. Calculate the highest common divisor of s and 60.
12
Let j = 1977 - 1950. Calculate the highest common divisor of 19 and j.
1
Suppose -4*s - 4*z = -116, s - 23 = -3*z + 5*z. Let i(t) = -3*t**3 - 18*t**2 + 20*t + 11. Let q be i(-7). What is the highest common divisor of q and s?
9
Suppose 257 = -16*x + 897. What is the highest common divisor of 140 and x?
20
Let w(p) = -8*p - 23. Let j = 31 - 42. Let z be w(j). Calculate the highest common factor of 26 and z.
13
Let c(f) = 11*f - 1. Let z be c(-2). Let q = z + 25. Let d = 7 - q. What is the greatest common factor of d and 45?
5
Suppose -4*t - 2*z + 88 = 0, 5*t - 6*z + 5*z - 117 = 0. Calculate the highest common factor of 989 and t.
23
Let k = 290 + -46. Calculate the highest common divisor of k and 183.
61
Suppose -5*t + 5*g = -17585, 5*t + 34*g - 33*g - 17573 = 0. Calculate the highest common factor of t and 95.
95
Suppose 56*g + 560 = 72*g. Calculate the greatest common divisor of g and 420.
35
Let b = -132 + 134. Let k be 1 + b*(4 - -43). What is the greatest common factor of 19 and k?
19
Suppose -5*h = -0*h - 10. Let y be (h + 1 - 4) + 10. Calculate the highest common factor of 72 and y.
9
Let w = -348 + 159. Let s be w/6*12/(-9). What is the highest common factor of s and 14?
14
Suppose -4*w + 5*s + 346 = 0, -3*s = -5*w + 516 - 90. Calculate the greatest common divisor of w and 4.
4
Let d(c) = -267*c - 93. Let k be d(-5). What is the greatest common factor of k and 46?
46
Let d(w) = -w + 16. Let q be d(2). Calculate the greatest common divisor of q and 98.
14
Let c(k) = 6*k**2 - 1. Let j be c(1). Let g(w) = w**3 + 8*w**2 + 6*w + 2. Let d be g(-7). Let r = d - -16. Calculate the highest common factor of j and r.
5
Suppose 32 = m - 3*m. Let k = m - -19. Calculate the highest common factor of 3 and k.
3
Let z = 73 + -70. Suppose z*w = -4*w + 154. What is the greatest common factor of 33 and w?
11
Let a = 2080 + -1114. Calculate the greatest common factor of a and 7.
7
Let c be (1098/